-11) + (1 - 5). Let y(z) = z + 3. What is the remainder when 41 is divided by y(t)?
8
Suppose 4*d + 132 = -5*g, -2*g = -5*g - 12. Let y = d + 38. What is the remainder when y is divided by 7?
3
Let z = -8 + 10. Suppose -z*o - 5*d + 78 = -d, 0 = 3*o - 3*d - 72. Let g(t) = -t**3 - 5*t**2 + 3*t - 2. Calculate the remainder when o is divided by g(-6).
13
Let l = 17 - 7. Let o = -995 - -1005. What is the remainder when o is divided by l?
0
Let m(w) = 10*w**3 - 2*w**2 + w. Let k be m(1). Suppose 6*v - k*v + 24 = 0. What is the remainder when 29 is divided by v?
5
Let b(x) = -9*x + 24*x + 2 + 57 - 17*x. Suppose 0 = w - 10 + 2. Calculate the remainder when w is divided by b(27).
3
Let z = 728 - 681. Let x(w) = 61*w**2 - 2*w + 1. Let p be x(1). Suppose 5*l - 5*u = p, 7*l + 5*u = 3*l + 48. Calculate the remainder when z is divided by l.
11
Let w = -730 - -753. Calculate the remainder when 643 is divided by w.
22
Suppose -p - 15 = -6*p. Calculate the remainder when 26 is divided by p.
2
Suppose 0 = c - 0*c - 97. Suppose 5564*o - 5574*o + 110 = 0. Calculate the remainder when c is divided by o.
9
Let o(p) be the third derivative of -p**6/120 + 4*p**5/15 + p**4/24 + 7*p**3/6 + 23*p**2. What is the remainder when 114 is divided by o(16)?
22
Let l = -22 + 17. Calculate the remainder when 3 is divided by ((-6)/(-8))/(l/(-20)).
0
Suppose -a + 2*z = 3 - 20, -a = -5*z - 2. Suppose 0 = 3*t + 2*d, 3*t + 3*d + 17 = 7*t. Suppose t*f + 9 = 29. What is the remainder when a is divided by f?
7
Let o = 61 + -37. What is the remainder when o is divided by 4?
0
Let z(b) be the first derivative of -b**3/3 - 5*b**2 - 11*b - 1. What is the remainder when (0 - -49) + 1*2 is divided by z(-6)?
12
Suppose -30 = -2*v - v. Let k(j) = -3*j**3 + j**2 + 7*j + 5. Calculate the remainder when k(-2) is divided by v.
9
Suppose 0 = 4*u + 5*u - 4005. Let c = -293 + u. Calculate the remainder when c is divided by 31.
28
Suppose 0 = -3*y + 5*a - 3*a + 17, -4*a = -3*y + 19. Calculate the remainder when 17 is divided by y.
2
What is the remainder when 193 - 3*4/6 is divided by 97?
94
Let r = -16 - -32. Let f = r - -15. What is the remainder when 122 is divided by f?
29
Let r(i) = -i**2 + 7*i - 4. Suppose 9*f - 5*f - 120 = 0. What is the remainder when r(4) is divided by 18/4*-5*(-4)/f?
2
Suppose -11*r + 7 = -15. Suppose 4*s = r*s - 3*f + 5, 0 = -f - 1. Calculate the remainder when 11 is divided by s.
3
Suppose 19*l - 114 - 95 = 0. What is the remainder when 180 is divided by l?
4
Let h = -65 - -30. Let s = 64 - -3. Let r = h + s. Calculate the remainder when 126 is divided by r.
30
Let n(h) = -3*h. Suppose 0 = 2*p + p - 45. Suppose -3*r = -0*r - p. Calculate the remainder when n(-3) is divided by r.
4
Suppose -3*j = 5*u - 120, -2*j + 5*u + 31 + 49 = 0. Let p = j + -29. Calculate the remainder when 28 is divided by p.
6
Suppose 2*a + 0 = 2. Let g(k) = 18*k - 2. What is the remainder when 63 is divided by g(a)?
15
Suppose -2*g = -3*s + 3*g - 30, -2*s = -3*g + 21. What is the remainder when (-471)/s - -4 - (-2)/(-5) is divided by 18?
17
Suppose 4*l = 5 + 7. Suppose 5*p = 20, -l*x + 7*x - 5*p - 4 = 0. Let f(n) = 2*n**2 - 63*n - 168. Calculate the remainder when x is divided by f(34).
0
Let j be (-1)/(0 + (-1)/8). Let x be (14/j)/(8/32). Suppose 2*m + x = 17. Calculate the remainder when m is divided by 2.
1
Let o = -262 + 452. What is the remainder when o is divided by 16?
14
Let q(l) = -2*l**2 + 6*l + 8. Let m be q(7). Let k = m + 95. Suppose -4*g = -k + 3. Calculate the remainder when 42 is divided by g.
9
Suppose -h + r = -79 + 5, 0 = 2*h + 4*r - 172. Calculate the remainder when 230 is divided by h.
74
Suppose -573 = -5*q + 167. Calculate the remainder when q is divided by (0 - 2) + -3 + (-129)/(-3).
34
Let h(n) = 11*n**2 - 3 + 3 - 14 + n**3 + 13*n. Let f be h(-11). Let g = 254 + f. Calculate the remainder when g is divided by 33.
31
Suppose 5*t - 5*s = 6*t - 39, -5*t - 4*s + 195 = 0. Let v(a) = 5*a**2 + 2*a - 2. Calculate the remainder when t is divided by v(-2).
11
Suppose 0 = -233*r + 246*r - 559. What is the remainder when 1933 is divided by r?
41
Let a = -146 + 73. Let o = 87 + a. Calculate the remainder when o is divided by 10.
4
Let u(t) = 23*t**3 + 4*t**2 + t - 4. What is the remainder when 78 is divided by u(1)?
6
Let x(h) = -10*h**2 + 2*h + 3. Let d(p) = p**2 - p. Let l(f) = -4*d(f) - x(f). What is the remainder when l(2) is divided by 14?
11
Suppose -31*d = -30*d - 20. Calculate the remainder when 37 is divided by d.
17
Let x = 54 + -31. What is the remainder when 90 is divided by x?
21
Let s = -12 - -18. Suppose 5*f = -3*z + 32, 2*z = f + s*z - 20. Suppose -2*n + 270 = f*n. What is the remainder when n is divided by 12?
9
Let d(i) = 4*i**3 - 68*i**2 + 9*i - 53. What is the remainder when d(17) is divided by 17?
15
Let f(p) = -2*p**2 + 64*p - 419. Calculate the remainder when 650 is divided by f(22).
20
Suppose 2*t + 5*d - 9 = 0, -t + 4*d + 13 = 28. What is the remainder when 29 is divided by (t/(-1))/((-60)/(-160))?
5
Suppose 20 = -5*a, 2*q + 2*a - 80 = -a. Calculate the remainder when 274 is divided by q.
44
Let m(g) = 13*g - 229. What is the remainder when 463 is divided by m(20)?
29
Suppose -j = -3*v - 82 - 39, -v = 3*j - 363. What is the remainder when 1328 is divided by j?
118
Let l(k) = k**2 + 9*k + 5. Let w be l(-9). Suppose 0 = 2*d + f - 70, w*d - 3*f = 2*d + 96. Calculate the remainder when d is divided by 87/9 - (-4)/(-6).
7
Suppose -71*i + 8652 = -25783. Calculate the remainder when i is divided by 4.
1
Let z(b) = -b**3 + 7*b**2 + 7*b + 7. Let x be z(8). Let a be (-3)/x - (13 - 12). Suppose -9*j + a*j + 91 = 0. What is the remainder when 76 is divided by j?
11
Suppose -5*d - 2*o + 1 = o, 0 = 5*o + 15. Suppose 3*j - d*j + 2*t - 73 = 0, -5*j = t - 347. Calculate the remainder when j is divided by 18.
15
Let h = 12 - 16. Calculate the remainder when (178/h)/(4/(-8)) is divided by 18.
17
Let j be (-7)/(-2) - (-15)/10. Let x(r) = r**3 - 4*r**2 - 3*r + 13. What is the remainder when (-20)/3*(-54)/4 is divided by x(j)?
21
Suppose -54 = -3*q - 144. Let x be 12/q - (-17)/5. Suppose 0 = 3*g - x, 0*u - u + 22 = -4*g. Calculate the remainder when u is divided by 15.
11
Suppose -2*x = -u - 105, -4*x = -21*u + 20*u - 207. Calculate the remainder when x is divided by 21.
9
Let u(f) = f**3 + 5*f**2 - 2*f + 1. What is the remainder when 1*(-329 + 3)*(40/16)/(-5) is divided by u(-5)?
9
Let c(a) = 22*a**2 + 5*a + 5. Let q be 9/27*(-6)/1. Calculate the remainder when c(q) is divided by 21.
20
Suppose 3*t = 1157 - 245. Suppose 0 = 4*i + 4*s - t, -3*s + 78 = i - 2. What is the remainder when i is divided by 13?
9
Let h(l) = 94*l**2 + 5. Let d(f) = 3525*f**2 + 188. Let p(c) = -5*d(c) + 188*h(c). What is the remainder when p(1) is divided by 21/3 + (6 - 1)?
11
What is the remainder when 145 is divided by -7 + 1 - (-9 - -7)*40?
71
Let x = -1114 + 1158. Calculate the remainder when 214 is divided by x.
38
Let f(w) = w**3 - 12*w**2 + 15*w + 3. Calculate the remainder when 179 is divided by f(11).
38
Let g(x) = -x**2 + 22*x - 26. Let a(c) = c**2 - 6*c + 3. Let b be a(7). Suppose -5*l + b + 30 = 0. Calculate the remainder when g(19) is divided by l.
7
Let n(q) = q**3 + 9*q**2 - 40*q + 4. Calculate the remainder when 103 is divided by n(-12).
51
Let w = 336 - 148. Let g = -98 + w. What is the remainder when g is divided by 31?
28
Suppose -3*o - 4*v = 98 - 678, -2*o + 3*v + 364 = 0. Calculate the remainder when o is divided by 64.
60
Let b(t) = -2*t - 5. Let x be b(-6). What is the remainder when 359/x + (-16)/56 is divided by 14?
9
Let j(h) = 32*h + 86. What is the remainder when j(-2) is divided by 12?
10
Suppose 12*x = 11*x + 236. Calculate the remainder when x is divided by 10.
6
Let p(o) = 20*o**2 - 7*o + 3. Let a be p(3). Let u = a + -105. Let x(t) = -t**2 - 9*t - 5. What is the remainder when u is divided by x(-5)?
12
Let k(w) = -107*w + 5. Let i be 0 + -2 - (-9 - -3 - -5). Calculate the remainder when k(i) is divided by 38.
36
Suppose 25*p - 7160 = -1885. Calculate the remainder when p is divided by 9.
4
Let c(l) = -16*l + 8. Suppose 3*b = 8 + 1. Suppose -4*i + 2*x + 100 = 0, -57 = -7*i + 4*i - b*x. Calculate the remainder when i is divided by c(0).
7
Suppose -104 = 4*j - 0. Suppose -2*f -